y 78.
5
What is the remainder when 341 is divided by 29?
22
Calculate the remainder when 3636 is divided by 91.
87
Calculate the remainder when 170 is divided by 33.
5
What is the remainder when 640 is divided by 158?
8
What is the remainder when 5631 is divided by 67?
3
What is the remainder when 363 is divided by 14?
13
What is the remainder when 2228 is divided by 41?
14
What is the remainder when 9631 is divided by 39?
37
What is the remainder when 422 is divided by 223?
199
Calculate the remainder when 62 is divided by 11.
7
Calculate the remainder when 75 is divided by 65.
10
Calculate the remainder when 14 is divided by 14.
0
What is the remainder when 405 is divided by 37?
35
Calculate the remainder when 1076 is divided by 23.
18
Calculate the remainder when 124 is divided by 7.
5
What is the remainder when 41 is divided by 13?
2
What is the remainder when 521 is divided by 87?
86
What is the remainder when 8552 is divided by 329?
327
What is the remainder when 126 is divided by 29?
10
Calculate the remainder when 464 is divided by 96.
80
Calculate the remainder when 130 is divided by 45.
40
Calculate the remainder when 503 is divided by 7.
6
Calculate the remainder when 342 is divided by 8.
6
Calculate the remainder when 105 is divided by 18.
15
Calculate the remainder when 364 is divided by 23.
19
What is the remainder when 152 is divided by 88?
64
Calculate the remainder when 85 is divided by 20.
5
Calculate the remainder when 1946 is divided by 647.
5
Calculate the remainder when 678 is divided by 334.
10
What is the remainder when 2657 is divided by 9?
2
What is the remainder when 293 is divided by 6?
5
Calculate the remainder when 6 is divided by 2.
0
What is the remainder when 169 is divided by 10?
9
What is the remainder when 202 is divided by 12?
10
Calculate the remainder when 130 is divided by 119.
11
What is the remainder when 889 is divided by 514?
375
What is the remainder when 108 is divided by 16?
12
What is the remainder when 655 is divided by 22?
17
What is the remainder when 87 is divided by 9?
6
What is the remainder when 330 is divided by 39?
18
Calculate the remainder when 5094 is divided by 67.
2
What is the remainder when 856 is divided by 26?
24
Calculate the remainder when 470 is divided by 30.
20
What is the remainder when 385 is divided by 14?
7
What is the remainder when 93 is divided by 11?
5
What is the remainder when 231 is divided by 31?
14
What is the remainder when 7 is divided by 3?
1
Calculate the remainder when 482 is divided by 59.
10
Calculate the remainder when 9427 is divided by 7.
5
What is the remainder when 4407 is divided by 14?
11
Calculate the remainder when 117 is divided by 49.
19
Calculate the remainder when 387 is divided by 15.
12
What is the remainder when 175 is divided by 44?
43
What is the remainder when 787 is divided by 259?
10
What is the remainder when 885 is divided by 152?
125
What is the remainder when 289 is divided by 33?
25
Calculate the remainder when 113 is divided by 30.
23
What is the remainder when 1377 is divided by 20?
17
What is the remainder when 1184 is divided by 76?
44
Calculate the remainder when 1255 is divided by 177.
16
What is the remainder when 40 is divided by 23?
17
What is the remainder when 787 is divided by 194?
11
What is the remainder when 409 is divided by 122?
43
What is the remainder when 110 is divided by 25?
10
What is the remainder when 9 is divided by 1?
0
Calculate the remainder when 6172 is divided by 23.
8
Calculate the remainder when 845 is divided by 37.
31
What is the remainder when 501 is divided by 72?
69
Calculate the remainder when 418 is divided by 9.
4
What is the remainder when 363 is divided by 22?
11
What is the remainder when 710 is divided by 173?
18
Calculate the remainder when 1596 is divided by 94.
92
What is the remainder when 5204 is divided by 124?
120
What is the remainder when 1503 is divided by 136?
7
What is the remainder when 3692 is divided by 75?
17
What is the remainder when 620 is divided by 104?
100
Calculate the remainder when 1826 is divided by 65.
6
Calculate the remainder when 1407 is divided by 278.
17
Calculate the remainder when 1653 is divided by 329.
8
Calculate the remainder when 162 is divided by 8.
2
Calculate the remainder when 128 is divided by 66.
62
Calculate the remainder when 132 is divided by 63.
6
What is the remainder when 6635 is divided by 12?
11
What is the remainder when 2644 is divided by 3?
1
Calculate the remainder when 328 is divided by 30.
28
What is the remainder when 1025 is divided by 324?
53
Calculate the remainder when 690 is divided by 175.
165
What is the remainder when 121 is divided by 44?
33
What is the remainder when 752 is divided by 376?
0
Calculate the remainder when 1101 is divided by 361.
18
Calculate the remainder when 1697 is divided by 52.
33
Calculate the remainder when 308 is divided by 94.
26
Calculate the remainder when 776 is divided by 152.
16
What is the remainder when 165 is divided by 14?
11
What is the remainder when 145 is divided by 9?
1
Calculate the remainder when 294 is divided by 3.
0
What is the remainder when 69 is divided by 10?
9
Calculate the remainder when 207 is divided by 42.
39
Calculate the remainder when 66 is divided by 35.
31
Calculate the remainder when 103 is divided by 53.
50
Calculate the remainder when 17668 is divided by 10.
8
What is the remainder when 334 is divided by 327?
7
What is the remainder when 280 is divided by 95?
90
Calculate the remainder when 1143 is divided by 11.
10
What is the remainder when 130 is divided by 11?
9
Calculate the remainder when 107 is divided by 46.
15
What is the remainder when 374 is divided by 27?
23
Calculate the remainder when 2743 is divided by 183.
181
Calculate the remainder when 373 is divided by 108.
49
Calculate the remainder when 777 is divided by 254.
15
What is the remainder when 934 is divided by 329?
276
What is the remainder when 611 is divided by 220?
171
What is the remainder when 126 is divided by 52?
22
What is the remainder when 2391 is divided by 63?
60
What is the remainder when 616 is divided by 192?
40
Calculate the remainder when 100 is divided by 43.
14
Calculate the remainder when 135 is divided by 50.
35
What is the remainder when 82 is divided by 13?
4
What is the remainder when 198 is divided by 20?
18
What is the remainder when 29 is divided by 4?
1
What is the remainder when 42 is divided by 6?
0
Calculate the remainder when 120 is divided by 17.
1
What is the remainder when 254 is divided by 37?
32
What is the remainder when 13523 is divided by 14?
13
Calculate the remainder when 262 is divided by 240.
22
What is the remainder when 185 is divided by 17?
15
Calculate the remainder when 238 is divided by 48.
46
Calculate the remainder when 1090 is divided by 39.
37
Calculate the remainder when 80 is divided by 22.
14
Calculate the remainder when 400 is divided by 191.
18
What is the remainder when 403 is divided by 392?
11
Calculate the remainder when 128 is divided by 33.
29
Calculate the remainder when 738 is divided by 191.
165
What is the remainder when 209 is divided by 28?
13
What is the remainder when 169 is divided by 8?
1
Calculate the remainder when 309 is divided by 52.
49
Calculate the remainder when 20 is divided by 2.
0
Calculate the remainder when 198 is divided by 71.
56
What is the remainder when 6532 is divided by 198?
196
Calculate the remainder when 7774 is divided by 518.
4
Calculate the remainder when 639 is divided by 16.
15
What is the remainder when 315 is divided by 50?
15
Calculate the remainder when 244 is divided by 17.
6
Calculate the remainder when 87 is divided by 18.
15
Calculate the remainder when 1768 is divided by 573.
49
What is the remainder when 444 is divided by 14?
10
What is the remainder when 13065 is divided by 54?
51
Calculate the remainder when 199 is divided by 34.
29
Calculate the remainder when 275 is divided by 47.
40
What is the remainder when 37 is divided by 5?
2
Calculate the remainder when 1219 is divided by 72.
67
Calculate the remainder when 183 is divided by 23.
22
Calculate the remainder when 281 is divided by 17.
9
Calculate the remainder when 145 is divided by 37.
34
Calculate the remainder wh